{"id":45,"date":"2019-10-02T17:29:48","date_gmt":"2019-10-02T15:29:48","guid":{"rendered":"http:\/\/www.kerzenhaeuser.de\/kevelaer\/?page_id=45"},"modified":"2025-06-30T13:57:23","modified_gmt":"2025-06-30T11:57:23","slug":"anfahrt","status":"publish","type":"page","link":"https:\/\/www.kerzenhaus.de\/kevelaer\/anfahrt\/","title":{"rendered":"Anfahrt"},"content":{"rendered":"<div>Den Weg zum Kerzenhaus neben der Basilika in Kevelaer finden Sie ganz leicht, auch ohne Navi. Wenn Sie aber doch nach Navi fahren m\u00f6chten, k\u00f6nnen Sie das Ziel in Google Maps direkt anklicken und Ihr Smartphone als Navigationssystem nutzen. Alternativ k\u00f6nnen Sie auch nach &#8222;Kerzenhaus neben der Basilika&#8220; suchen.<\/div>\n<h2>Anschrift f\u00fcr Navi<\/h2>\n<div>M\u00f6chten Sie lieber Ihr eigenes Navi benutzen, geben Sie bitte folgende Adresse ein:<\/div>\n<div>Hauptstra\u00dfe 1, 47623 Kevelaer<\/div>\n<div><\/div>\n<div>\n<p><iframe loading=\"lazy\" src=\"https:\/\/www.google.com\/maps\/embed?pb=!1m18!1m12!1m3!1d2479.1355096654443!2d6.242397651446629!3d51.58407977954795!2m3!1f0!2f0!3f0!3m2!1i1024!2i768!4f13.1!3m3!1m2!1s0x47c766612e075705%3A0x6531dd93283d4974!2sKerzenhaus%20neben%20der%20Basilika%20-%20Kerzenhaus%20Kevelaer!5e0!3m2!1sde!2sde!4v1570030150347!5m2!1sde!2sde\" width=\"600\" height=\"450\" frameborder=\"0\" style=\"border:0;\" allowfullscreen=\"\"><\/iframe><\/p>\n<\/div>\n\n\n<h2 class=\"wp-block-heading has-luminous-vivid-amber-background-color has-background\">Hitzefrei am 01.07.25 und 02.07.25<\/h2>\n\n\n\n<p>Wegen der starken W\u00e4rmeentwicklung in den n\u00e4chten Tagen schlie\u00dfen wir unser Gesch\u00e4ft am 01.07. und 02.07. bereits um 14 Uhr.<\/p>\n","protected":false},"excerpt":{"rendered":"<p>Den Weg zum Kerzenhaus neben der Basilika in Kevelaer finden Sie ganz leicht, auch ohne Navi. Wenn Sie aber doch nach Navi fahren m\u00f6chten,&#8230;<\/p>\n","protected":false},"author":2,"featured_media":0,"parent":0,"menu_order":0,"comment_status":"closed","ping_status":"closed","template":"","meta":{"footnotes":""},"class_list":["post-45","page","type-page","status-publish","hentry"],"_links":{"self":[{"href":"https:\/\/www.kerzenhaus.de\/kevelaer\/wp-json\/wp\/v2\/pages\/45","targetHints":{"allow":["GET"]}}],"collection":[{"href":"https:\/\/www.kerzenhaus.de\/kevelaer\/wp-json\/wp\/v2\/pages"}],"about":[{"href":"https:\/\/www.kerzenhaus.de\/kevelaer\/wp-json\/wp\/v2\/types\/page"}],"author":[{"embeddable":true,"href":"https:\/\/www.kerzenhaus.de\/kevelaer\/wp-json\/wp\/v2\/users\/2"}],"replies":[{"embeddable":true,"href":"https:\/\/www.kerzenhaus.de\/kevelaer\/wp-json\/wp\/v2\/comments?post=45"}],"version-history":[{"count":3,"href":"https:\/\/www.kerzenhaus.de\/kevelaer\/wp-json\/wp\/v2\/pages\/45\/revisions"}],"predecessor-version":[{"id":311,"href":"https:\/\/www.kerzenhaus.de\/kevelaer\/wp-json\/wp\/v2\/pages\/45\/revisions\/311"}],"wp:attachment":[{"href":"https:\/\/www.kerzenhaus.de\/kevelaer\/wp-json\/wp\/v2\/media?parent=45"}],"curies":[{"name":"wp","href":"https:\/\/api.w.org\/{rel}","templated":true}]}}