{"id":32,"date":"2019-10-02T14:45:13","date_gmt":"2019-10-02T12:45:13","guid":{"rendered":"http:\/\/www.kerzenhaeuser.de\/hasselt\/?page_id=32"},"modified":"2022-08-29T14:04:41","modified_gmt":"2022-08-29T12:04:41","slug":"impressum","status":"publish","type":"page","link":"https:\/\/www.kerzenhaus.de\/hasselt\/impressum\/","title":{"rendered":"Impressum"},"content":{"rendered":"\n<p>Das Impressum gilt f\u00fcr diese Internetpr\u00e4senz unter den folgend aufgef\u00fchrten Adressen, sowie weiterer registrierter Domains, die auf diese Webseite verweisen.<\/p>\n\n\n\n<h2 class=\"wp-block-heading\">Anschrift<\/h2>\n\n\n\n<p><strong>Kerzenhaus Hasselt<\/strong><br>Kerzen Bloemen e.K.<br>Inh. Thomas Bloemen, Dipl. Kfm.<br>Bedburger Weide 3-5<br>47551 Bedburg-Hau<\/p>\n\n\n\n<h2 class=\"wp-block-heading\">Kontakt<\/h2>\n\n\n\n<p>Telefon: 02821 896427<br>eMail: info &#8218;\u00e4t&#8216; kerzen-bloemen.de<\/p>\n\n\n\n<p>Verantwortlich f\u00fcr den redaktionellen Inhalt der Website gem\u00e4\u00df \u00a7 6 MDStV:<br>Thomas Bloemen, Dipl. Kfm.<\/p>\n\n\n\n<h2 class=\"wp-block-heading\">Urherberschutz und Nutzungsrecht<\/h2>\n\n\n\n<p>Der Urheber r\u00e4umt Ihnen ganz konkret das Nutzungsrecht ein, sich eine private Kopie f\u00fcr pers\u00f6nliche Zwecke anzufertigen. Nicht berechtigt sind Sie dagegen, die Materialien zu ver\u00e4ndern und\/oder weiterzugeben oder gar selbst zu ver\u00f6ffentlichen. Die Urheberrechte liegen beim jeweiligen Autor.<\/p>\n\n\n\n<h2 class=\"wp-block-heading\">Keine Haftung<\/h2>\n\n\n\n<p>Die Inhalte dieses Webprojektes wurden sorgf\u00e4ltig gepr\u00fcft und nach bestem Wissen erstellt. Aber f\u00fcr die hier dargebotenen Informationen wird kein Anspruch auf Vollst\u00e4ndigkeit, Aktualit\u00e4t, Qualit\u00e4t und Richtigkeit erhoben. Es kann keine Verantwortung f\u00fcr Sch\u00e4den \u00fcbernommen werden, die durch das Vertrauen auf die Inhalte dieser Website oder deren Gebrauch entstehen.<\/p>\n\n\n\n<h2 class=\"wp-block-heading\">Schutzrechtsverletzung<\/h2>\n\n\n\n<p>Falls Sie vermuten, dass von dieser Website aus eines Ihrer Schutzrechte verletzt wird, teilen Sie das bitte umgehend per elektronischer Post mit, damit z\u00fcgig Abhilfe geschafft werden kann. Bitte nehmen Sie zur Kenntnis: Die zeitaufwendigere Einschaltung eines Anwaltes zur f\u00fcr den Diensteanbieter kostenpflichtigen Abmahnung entspricht nicht dessen wirklichem oder mutma\u00dflichem Willen.<\/p>\n","protected":false},"excerpt":{"rendered":"<p>Das Impressum gilt f\u00fcr diese Internetpr\u00e4senz unter den folgend aufgef\u00fchrten Adressen, sowie weiterer registrierter Domains, die auf diese Webseite verweisen. Anschrift Kerzenhaus HasseltKerzen Bloemen e.K.Inh. Thomas Bloemen, Dipl. Kfm.Bedburger Weide 3-547551 Bedburg-Hau Kontakt Telefon: 02821 896427eMail: info &#8218;\u00e4t&#8216; kerzen-bloemen.de Verantwortlich f\u00fcr den redaktionellen Inhalt der Website gem\u00e4\u00df \u00a7 6 MDStV:Thomas Bloemen, Dipl. Kfm. Urherberschutz und [&hellip;]<\/p>\n","protected":false},"author":1,"featured_media":0,"parent":0,"menu_order":0,"comment_status":"closed","ping_status":"closed","template":"","meta":{"footnotes":""},"class_list":["post-32","page","type-page","status-publish","hentry"],"_links":{"self":[{"href":"https:\/\/www.kerzenhaus.de\/hasselt\/wp-json\/wp\/v2\/pages\/32","targetHints":{"allow":["GET"]}}],"collection":[{"href":"https:\/\/www.kerzenhaus.de\/hasselt\/wp-json\/wp\/v2\/pages"}],"about":[{"href":"https:\/\/www.kerzenhaus.de\/hasselt\/wp-json\/wp\/v2\/types\/page"}],"author":[{"embeddable":true,"href":"https:\/\/www.kerzenhaus.de\/hasselt\/wp-json\/wp\/v2\/users\/1"}],"replies":[{"embeddable":true,"href":"https:\/\/www.kerzenhaus.de\/hasselt\/wp-json\/wp\/v2\/comments?post=32"}],"version-history":[{"count":3,"href":"https:\/\/www.kerzenhaus.de\/hasselt\/wp-json\/wp\/v2\/pages\/32\/revisions"}],"predecessor-version":[{"id":681,"href":"https:\/\/www.kerzenhaus.de\/hasselt\/wp-json\/wp\/v2\/pages\/32\/revisions\/681"}],"wp:attachment":[{"href":"https:\/\/www.kerzenhaus.de\/hasselt\/wp-json\/wp\/v2\/media?parent=32"}],"curies":[{"name":"wp","href":"https:\/\/api.w.org\/{rel}","templated":true}]}}

<p>Das Impressum gilt für diese Internetpräsenz unter den folgend aufgeführten Adressen, sowie weiterer registrierter Domains, die auf diese Webseite verweisen.</p>



<h2 class="wp-block-heading">Anschrift</h2>



<p><strong>Kerzenhaus Hasselt</strong><br>Kerzen Bloemen e.K.<br>Inh. Thomas Bloemen, Dipl. Kfm.<br>Bedburger Weide 3-5<br>47551 Bedburg-Hau</p>



<h2 class="wp-block-heading">Kontakt</h2>



<p>Telefon: 02821 896427<br>eMail: info &#8218;ät&#8216; kerzen-bloemen.de</p>



<p>Verantwortlich für den redaktionellen Inhalt der Website gemäß § 6 MDStV:<br>Thomas Bloemen, Dipl. Kfm.</p>



<h2 class="wp-block-heading">Urherberschutz und Nutzungsrecht</h2>



<p>Der Urheber räumt Ihnen ganz konkret das Nutzungsrecht ein, sich eine private Kopie für persönliche Zwecke anzufertigen. Nicht berechtigt sind Sie dagegen, die Materialien zu verändern und/oder weiterzugeben oder gar selbst zu veröffentlichen. Die Urheberrechte liegen beim jeweiligen Autor.</p>



<h2 class="wp-block-heading">Keine Haftung</h2>



<p>Die Inhalte dieses Webprojektes wurden sorgfältig geprüft und nach bestem Wissen erstellt. Aber für die hier dargebotenen Informationen wird kein Anspruch auf Vollständigkeit, Aktualität, Qualität und Richtigkeit erhoben. Es kann keine Verantwortung für Schäden übernommen werden, die durch das Vertrauen auf die Inhalte dieser Website oder deren Gebrauch entstehen.</p>



<h2 class="wp-block-heading">Schutzrechtsverletzung</h2>



<p>Falls Sie vermuten, dass von dieser Website aus eines Ihrer Schutzrechte verletzt wird, teilen Sie das bitte umgehend per elektronischer Post mit, damit zügig Abhilfe geschafft werden kann. Bitte nehmen Sie zur Kenntnis: Die zeitaufwendigere Einschaltung eines Anwaltes zur für den Diensteanbieter kostenpflichtigen Abmahnung entspricht nicht dessen wirklichem oder mutmaßlichem Willen.</p>

<p>Das Impressum gilt für diese Internetpräsenz unter den folgend aufgeführten Adressen, sowie weiterer registrierter Domains, die auf diese Webseite verweisen. Anschrift Kerzenhaus HasseltKerzen Bloemen e.K.Inh. Thomas Bloemen, Dipl. Kfm.Bedburger Weide 3-547551 Bedburg-Hau Kontakt Telefon: 02821 896427eMail: info &#8218;ät&#8216; kerzen-bloemen.de Verantwortlich für den redaktionellen Inhalt der Website gemäß § 6 MDStV:Thomas Bloemen, Dipl. Kfm. Urherberschutz und [&hellip;]</p>
